0311233121?
-30311232331
In base 15, what is -41 + 1a5ec?
1a5ab
In base 7, what is -1013 - 1430?
-2443
In base 11, what is -8846 - -20267?
12521
In base 6, what is 251204333 - 2?
251204331
In base 14, what is -21232c1 - -38?
-2123287
In base 16, what is -4 - -1e35e77?
1e35e73
In base 16, what is 2c4 + 13d3?
1697
In base 8, what is 455 - -56743?
57420
In base 9, what is -271842 + -46?
-271888
In base 9, what is 635227 + -1?
635226
In base 13, what is -169 - -29463?
292c7
In base 10, what is -348887 - 319?
-349206
In base 13, what is -49a9 - -ac0b?
6232
In base 12, what is 8 - -b0b98bb?
b0b9907
In base 10, what is 34945 - -204?
35149
In base 3, what is 11211002212 - 11212?
11210221000
In base 14, what is -1c3 - a14?
-bd7
In base 7, what is 2 - 25521260?
-25521255
In base 11, what is -a - 327306?
-327315
In base 4, what is -1 + 213013212323?
213013212322
In base 4, what is -1231 + -1130012012?
-1130013303
In base 9, what is 4 + 103315757?
103315762
In base 16, what is 4128df03 + 0?
4128df03
In base 6, what is -30552102 + 1?
-30552101
In base 13, what is -5 - -b59c97a?
b59c975
In base 3, what is 1112002 + -201111022012?
-201102210010
In base 6, what is 1430 - -424000?
425430
In base 12, what is 87 - -219b4?
21a7b
In base 2, what is 10101001001100100000010110 + 11?
10101001001100100000011001
In base 15, what is 5aa203 + -3?
5aa200
In base 4, what is 3011 + 10212231?
10221302
In base 6, what is -20 - 13010523013?
-13010523033
In base 5, what is 1003443414 + 3?
1003443422
In base 3, what is 1112221 - -1010020?
2200011
In base 10, what is -325592 - -50?
-325542
In base 14, what is -30a3b9 + 181?
-30a238
In base 12, what is ab4a532 + 0?
ab4a532
In base 7, what is 53052 - 223?
52526
In base 6, what is 53040000 + 240?
53040240
In base 12, what is 73 + 17b410?
17b483
In base 5, what is -1210013440 + -13?
-1210014003
In base 14, what is -4949755 + 1?
-4949754
In base 16, what is -e8a - 1e5c3?
-1f44d
In base 3, what is 20122012 + -111011220121?
-110221021102
In base 4, what is 130130232 + -22000?
130102232
In base 5, what is 31023322002 + -1?
31023322001
In base 5, what is 2000 + -23420242?
-23413242
In base 9, what is -32210878 + -22?
-32211011
In base 5, what is 24 - 1132432104?
-1132432030
In base 16, what is -493330 + 3d?
-4932f3
In base 15, what is 1 - b24805?
-b24804
In base 5, what is -3112420344 + -233?
-3112421132
In base 6, what is 3233124300 - 3?
3233124253
In base 3, what is 1100012 - -10102120?
11202202
In base 7, what is -141064225 - 5?
-141064233
In base 8, what is -21766 - -2030?
-17736
In base 6, what is 132234 - 10543?
121251
In base 7, what is 3124056 - 42?
3124014
In base 14, what is -c3d8 + -7?
-c401
In base 5, what is 2 + -4104213211?
-4104213204
In base 12, what is 10216 - -36?
10250
In base 13, what is -c519 - -54?
-c495
In base 9, what is -1504 - -1550414?
1547810
In base 13, what is -2 - c68179a?
-c68179c
In base 14, what is -c80d08 - 6?
-c80d10
In base 9, what is 163 + -106667?
-106504
In base 9, what is 5814413 + -2?
5814411
In base 9, what is 675 + 603?
1378
In base 6, what is -41052 + 325?
-40323
In base 8, what is -1715 - 70644?
-72561
In base 6, what is -241523 + -12135?
-254102
In base 6, what is 3204055311 - 0?
3204055311
In base 10, what is 118 - -218787?
218905
In base 3, what is 201210 - -12020222122?
12021201102
In base 16, what is -dfc1972 - 3?
-dfc1975
In base 7, what is 15202 - 520?
14352
In base 8, what is -125306 + -605?
-126113
In base 15, what is d32 - 37ec8?
-37196
In base 11, what is -2a83a - -117?
-2a723
In base 9, what is -208186 - 4322?
-213518
In base 4, what is 22133322010 + 100?
22133322110
In base 8, what is -140451 - -2?
-140447
In base 14, what is -179ac86 - 11?
-179ac97
In base 14, what is -17cb929 + 5?
-17cb924
In base 10, what is 86762 + -75?
86687
In base 2, what is 110001011111100 - 111001111?
110000100101101
In base 7, what is -114 + 32332440?
32332323
In base 7, what is -33 - -12103012?
12102646
In base 2, what is -10001011100010101111 - 1000011?
-10001011100011110010
In base 16, what is 27a60d + 3?
27a610
In base 4, what is 3020112 + -13211?
3000301
In base 9, what is 145 + -232377?
-232232
In base 8, what is -713451 - 20?
-713471
In base 5, what is -22043411101 - -112?
-22043410434
In base 16, what is -3334 - 5?
-3339
In base 15, what is -4 + -140bc8?
-140bcc
In base 9, what is -4 + -3787140?
-3787144
In base 4, what is -2113 + 102001302?
101333123
In base 12, what is -3838677 + 2?
-3838675
In base 10, what is 9658782 + 6?
9658788
In base 2, what is 100 + 1001110000000101000000?
1001110000000101000100
In base 10, what is 4 - -412328?
412332
In base 4, what is -11022113 - 12333203?
-30021322
In base 15, what is 4 + 67eb3d?
67eb42
In base 8, what is -22241 - -452?
-21567
In base 11, what is -1 + 806865a?
8068659
In base 4, what is -21302111201210 + -13?
-21302111201223
In base 11, what is -33890827 - -19?
-33890809
In base 7, what is -2406 - -441426?
436020
In base 14, what is -1340bd + -d?
-1340cc
In base 6, what is 13230101343 - -5?
13230101352
In base 6, what is -200444 - -123?
-200321
In base 3, what is 21 + -2120001210111?
-2120001210020
In base 14, what is -420571c + 3?
-4205719
In base 8, what is -2547532 - 113?
-2547645
In base 8, what is 254526 - -123?
254651
In base 15, what is -ae - 2d1cee?
-2d1dad
In base 11, what is 76 - 71823?
-71758
In base 6, what is 2122044013 - 1?
2122044012
In base 11, what is 0 + -873a7?
-873a7
In base 8, what is 56 + 31755616?
31755674
In base 6, what is 0 + 344150151?
344150151
In base 3, what is -21 - 12112200121102201?
-12112200121102222
In base 6, what is 5535523 - -3?
5535530
In base 11, what is 3 - 3332385?
-3332382
In base 9, what is 5 - -5610116?
5610122
In base 2, what is -1100 + 110001110011000011110001?
110001110011000011100101
In base 4, what is 10023001020101 - 2?
10023001020033
In base 8, what is 1102555 + -406?
1102147
In base 8, what is -404 - 67406?
-70012
In base 5, what is 1331 + -13333323?
-13331442
In base 11, what is 414a - -1931?
5a80
In base 9, what is -44665 - 740?
-45515
In base 5, what is 42340001241 - 10?
42340001231
In base 14, what is -12 - 726518?
-72652a
In base 15, what is -307 + 2b6?
-41
In base 14, what is a + -81410cc?
-81410c2
In base 2, what is 11001110000 - 1010001010001000?
-1001110000011000
In base 12, what is -8066211a - -2?
-80662118
In base 8, what is -1441 + -5411003?
-5412444
In base 3, what is -2122001002200110 + -100?
-2122001002200210
In base 6, what is -330532 + -1014?
-331550
In base 9, what is 520807 + -16?
520781
In base 7, what is 212 + -5413663?
-5413451
In base 9, what is -27725 - 18870?
-47705
In base 8, what is -160 + -3676524?
-3676704
In base 5, what is 4 + -20003222114?
-20003222110
In base 10, what is 1089871 + -98?
1089773
In base 15, what is -509 - -c5c7?
c0bd
In base 2, what is 11011100000101011000 + -10001?
11011100000101000111
In base 9, what is -65407270 - 0?
-65407270
In base 3, what is -2120122 + -122221?
-10020120
In base 14, what is 4632 - 737?
3cd9
In base 13, what is 1 - -28043c?
280440
In base 6, what is 2302243353 + 3?
2302243400
In base 5, what is -1334 + 112313?
110424
In base 9, what is 50 - 1778381?
-1778331
In base 14, what is d + 185a6c?
185a7b
In base 13, what is 3534839 + -3?
3534836
In base 6, what is -54045002 - -154?
-54044404
In base 5, what is -20 + -34040204?
-34040224
In base 5, what is -3 - -20404234?
20404231
In base 3, what is -11020020 + 210021?
-10102222
In base 7, what is -30 + -220056304?
-220056334
In base 3, what is -11111 + 2100021001010?
2100020212122
In base 11, what is 689544a + -3?
6895447
In base 10, what is -4 + 5477747?
5477743
In base 16, what is -318d1d + -152?
-318e6f
In base 3, what is -12120 - -121012?
101122
In base 6, what is -12215415 - -3334?
-12212041
In base 2, what is -11011110110001011 - -1?
-11011110110001010
In base 16, what is c2a6 + 9?
c2af
In base 9, what is 0 + 57848557?
57848557
In base 7, what is 14423362 - 633?
14422426
In base 6, what is -2113 - -1321013?
1314500
In base 14, what is 78 - 10b21?
-10a87
In base 14, what is 32c856c + -2?
32c856a
In base 13, what is c31bac26 - 2?
c31bac24
In base 10, what is -2 + -19555632?
-19555634
In base 5, what is -412102202 - -202?
-412102000
In base 11, what is -592 + -10a31?
-11513
In ba